 Let m be w(17). Suppose -3*n + 805 = 2*c + 3*c, m*c = -5*n + 303. Let a = c + -104. List the prime factors of a.
2, 3, 5
Let r(n) = 6*n + 6. Let z be r(9). Suppose 2*f + 89 - 23 = 0. Let s = f + z. What are the prime factors of s?
3
Let y(d) = d**2 + 7*d - 8. Let z be y(-8). Suppose i + 5*t = 2*i, -t - 2 = z. Let j = i - -19. List the prime factors of j.
3
Let q be (3 + -4)*(-1 + 1). Suppose q = d - 75 + 25. List the prime factors of d.
2, 5
Suppose 3*p - 43 + 13 = 0. Suppose 2*b - 5 = c, -4*b + p = -2*b + 4*c. Suppose -15 = -b*v - 6, -27 = -2*s - 5*v. What are the prime factors of s?
2, 3
Suppose 3*u - 27 = 39. List the prime factors of u.
2, 11
Let y = 1341 + -476. What are the prime factors of y?
5, 173
Suppose -2*l = -o - 370, -3*o = 3*l - l - 362. Suppose 6*m = m - 10, -2*m - l = 4*h. What are the prime factors of (h/(-3))/(1/2)?
2, 3, 5
Let p(l) = 12*l + 9. Let o be 0/(-1) + 2 - -1. What are the prime factors of p(o)?
3, 5
Suppose -10*g + 15899 + 14321 = 0. List the prime factors of g.
2, 1511
Suppose 9 = b - 6. Suppose 11*k - b = 6*k. Suppose -2*a - 77 = -k*s + 5, -2*a + 126 = 5*s. What are the prime factors of s?
2, 13
Let w = -2069 + 3252. What are the prime factors of w?
7, 13
Let h = -215 + 1135. What are the prime factors of h?
2, 5, 23
Let m(f) = -f**3 - 3*f**2 - 3*f - 2. Let i be m(-2). Let d = 3 + i. Suppose 3*z = -d*c + c + 12, -76 = -5*c + 4*z. What are the prime factors of c?
2, 3
Let c be -1*2*(-1)/2. Let t(w) be the second derivative of 11*w**4/2 + w**3/6 - w**2/2 + 21*w + 2. List the prime factors of t(c).
2, 3, 11
Let i(m) = -m**2 - 9*m - 7. Let c be i(-9). Suppose 0 = -2*s - 4*x, -8*x = 3*s - 6*x - 4. What are the prime factors of (s/8)/(c/(-812))?
29
Let z(d) = 13*d - 1. Suppose 5*h - 5*j = -j + 25, -2*h - 4*j - 18 = 0. What are the prime factors of z(h)?
2, 3
Suppose -12*a + 68328 = 14*a. List the prime factors of a.
2, 3, 73
What are the prime factors of (257 + 21)/(((-2)/(-3))/2)?
2, 3, 139
Let d(m) = -m**3 + 20*m**2 + 46*m + 40. List the prime factors of d(20).
2, 3, 5
Suppose 4*y + 11004 = -0*y. Suppose 3*c - 5 = -5*o - 2*c, -c = -o + 11. List the prime factors of o/(-45) + y/(-45).
61
What are the prime factors of ((-10)/(-4))/(2548/(-232) + 11)?
5, 29
Suppose 7*i = 3*i - z + 8, 3*i - 2*z = 6. List the prime factors of i + (-2 + 1)*-226.
2, 3, 19
Let s(a) = -313*a + 135. What are the prime factors of s(-4)?
19, 73
Suppose -5*q = 33 - 48. Suppose 42 = b + 5*y, -q*y = -4*y + 3. List the prime factors of b.
3
Suppose -14*m + 7830 = 704. List the prime factors of m.
509
Let y(b) = b**3 + 3*b**2 - 6*b - 5. Let x be y(-4). Let a(z) = -2*z - 1 + 38*z**2 + 5 - x. List the prime factors of a(1).
37
Suppose 291 = -92*x + 93*x - 5*c, 845 = 3*x - c. What are the prime factors of x?
281
Suppose -2*j = -1029 - 925. List the prime factors of j.
977
Let w = 1019 + 155. What are the prime factors of w?
2, 587
Let l = 48 + -38. What are the prime factors of l?
2, 5
Let n(i) = -5*i**3 + 9*i**2 + 5*i - 3. List the prime factors of n(-6).
3, 457
Let j = -3 + 6. Suppose -w - 563 = -5*h, j*h + 4*w - 119 = 228. What are the prime factors of h?
113
Let d be 10/(-3)*((-72)/(-10))/(-2). List the prime factors of (4/d)/((-4)/(-1236)).
103
Let w(k) = -k**3 - 4*k**2 - 6*k + 16. Let q(o) = -o**3 - 3*o**2 - 7*o + 16. Let z(v) = 4*q(v) - 5*w(v). List the prime factors of z(-7).
19
Let y be (129 + (0 - 0))*-1. Let h = -233 - -148. Let a = h - y. What are the prime factors of a?
2, 11
Let m(k) = 119*k - 179. List the prime factors of m(10).
3, 337
Suppose -4*d = -5*z + 1500, -5*z - 2*d = -9*z + 1200. List the prime factors of z.
2, 3, 5
Let o(b) = 2*b**3 - 4*b**2 - 4. Let u be o(3). Let l = 5 + u. Suppose -l = -5*v + 36. List the prime factors of v.
11
Let p be (-660)/(-14) - 6/42. Let g = 69 + p. What are the prime factors of g?
2, 29
Suppose 8*y - 3*y + 25 = 0, 0 = -z - 5*y - 25. Let f be z/(2*2/(-4)). Suppose x - 3 = -f*x, -140 = -4*l + 4*x. What are the prime factors of l?
2, 19
Let y(l) = -4*l - 1. List the prime factors of y(-16).
3, 7
Suppose -15 = 5*m, 33 = 3*h - 0*h - 2*m. Suppose 990 = h*o - 0*o. List the prime factors of o.
2, 5, 11
Let c be (-1*(-1 - 1))/(2/6). Let y be (-43 + 1)*3/(-2). List the prime factors of 12/(-8) + y/c.
3
Suppose 593*l - 592*l = 1252. What are the prime factors of l?
2, 313
Let z = 12 + -6. Suppose z*s = s. Suppose s = 3*g + 3, 13 = w + w - 5*g. What are the prime factors of w?
2
Let w(x) = -x**3 - 8*x**2 - 9*x - 12. Let g be w(-7). Suppose -g = 5*n - 22. List the prime factors of n.
2
Suppose 2*y + 2*y - 3980 = 0. Let u be (-6)/((-3)/(-1)) + y. What are the prime factors of u/27 - 2/(-9)?
37
Suppose 0 = c - 10*c + 27. Suppose c*q = 3*m + 97 - 34, -4*q = m - 74. List the prime factors of q.
19
Suppose 0 = 5*k + 2*v - 66, 2*k + v - 36 = 5*v. Suppose k = s - 12. Suppose -5 + s = 3*q. What are the prime factors of q?
7
Let q = 3367 - 1688. List the prime factors of q.
23, 73
Let m = -20 + 65. Let b be 0*(2 + 9/(-6)). Let k = m - b. What are the prime factors of k?
3, 5
Suppose -8*d + 7*d + 2 = 0. Let r be (-11)/(-2) + (-1)/d. Suppose -5*q - 300 = -4*i, 3*i - 7*i + 260 = r*q. What are the prime factors of i?
2, 5, 7
Let o be (-5 - -3)*(1 + 0/4). List the prime factors of (732/24)/(o/(-20)).
5, 61
Let w(l) = 12*l + 0*l**2 + 2*l**2 + 7*l - 24 + l**2. What are the prime factors of w(-10)?
2, 43
What are the prime factors of 8/10*(-67535)/(-52)?
1039
Suppose 12*n - 3648 = 4*n. List the prime factors of n.
2, 3, 19
Suppose -11 = -2*b - 1. Let x(a) = 4 - 5 + 8 - b*a. What are the prime factors of x(-3)?
2, 11
Suppose 0 = -2*m + 18 + 34. What are the prime factors of m?
2, 13
Let j(v) = v**2 - 13*v + 9. Suppose 0 = -3*r - 24 + 60. Let h be j(r). What are the prime factors of 9/(1/(-15)*h)?
3, 5
Let w(a) = a**2 - 1. Let u be w(-2). Suppose s - 4*v - v - 42 = 0, 0 = u*v. List the prime factors of s.
2, 3, 7
Let w = 405 + -246. Let l = w - -36. What are the prime factors of l?
3, 5, 13
Suppose 4*l - 2*h - 908 = 0, 4*l - 3*l = h + 229. Let f = l + -117. Suppose o + 2*n = 23, 0*o + 3*n - f = -5*o. List the prime factors of o.
3, 7
Let o(i) = i**2 - 10*i + 2. Let a be o(10). Let v = 4 - a. List the prime factors of 7*-1*(-10)/v.
5, 7
Suppose 0*z + 139 = -3*i - z, -i = z + 47. Let x = -24 - i. Suppose -4*t + 2*t = -x. List the prime factors of t.
11
Suppose 12046 - 68494 = -16*d. List the prime factors of d.
2, 3, 7
Let l(p) = 2*p**2 + 8*p - 7. Let r be l(-5). Suppose -612 = -r*h + 96. List the prime factors of h.
2, 59
Let q = 1589 - 892. List the prime factors of q.
17, 41
Let n be 9 + 509 + 1*4. Suppose 13*c = n + 271. What are the prime factors of c?
61
Let d(r) = -r**2 - 11*r - 4. Let j be d(-10). Suppose 5*m + 159 = -l + 677, 3*l = -j. What are the prime factors of m?
2, 13
Let a be (65/26)/((-1)/(-2)). Suppose -4*y - 110 = -3*h, a*y + 44 = 3*h - 2*h. What are the prime factors of h?
2, 17
List the prime factors of (768/3)/(-6 - -7).
2
Suppose -461*i + 467*i = 4464. What are the prime factors of i?
2, 3, 31
Let h(k) = -2*k - 8. Let p be h(-6). Let c be 86/p + (-6)/12. Suppose 3*l = 66 + c. List the prime factors of l.
29
Suppose c = -2*j - 48 + 9, -4*c = -2*j + 176. Let m = 148 + c. List the prime factors of m.
3, 5, 7
Suppose 2 = x - 1. Suppose -2*w - 5*m - 16 = 0, -4*w = -4*m - 27 + 3. Suppose -2*c = 5*t - 32, x*c + t - 39 = -w*t. What are the prime factors of c?
11
Let l = 1286 + -599. What are the prime factors of l?
3, 229
Let t be -2 - (3 - (-26)/(-2)). Suppose 2*p + 0 = -t. List the prime factors of 24 + (-1 - p) + -3.
2, 3
Let w(y) = 8*y**2 + 6*y + 1. Let k be w(-6). Suppose 5*u - k = 127. Suppose 96 = 4*x - u. List the prime factors of x.
43
Let p(d) = -d**2 - d + 4. Let z(v) = v**3 - 4*v**2 + 3*v - 4. Let i be z(3). Let b be p(i). Let o(r) = r**2 + 8*r + 3. List the prime factors of o(b).
3
Suppose 6*l - 188 = 3*l - 5*w, 0 = 3*w + 15. List the prime factors of l.
71
Let t = 4883 - 3404. List the prime factors of t.
3, 17, 29
Let t = -8 + 10. Suppose -4*v - 4*b - b = 2, 4*v - t*b = 12. Suppose -v*a - p - 4 = -45, -p = 3*a - 62. List the prime factors of a.
3, 7
Suppose 7*h - 6 = 5*h. Suppose 3*c = 4*l - 46 + 146, -4*c - h*l = -175. List the prime factors of c.
2, 5
Let q = 46 - -11. Suppose 2*u - 3*b - 59 = 0